5*(54/(-15))/(-3). Let b be 12/10*4*o/4. Suppose 41*j - b*j - 90 = 0. List the prime factors of j.
2, 3
Let f be 1331 - 6/6*-2. Suppose 3*w + 5*x = f, -w + 6*w = -5*x + 2215. List the prime factors of w.
3, 7
Let k(v) = 4*v**2 + v - 1. Let l be k(1). Suppose 2 = -o + l. Suppose -5*i + 945 = o*i. List the prime factors of i.
3, 5
Let j = 1658 + -839. Let y = j - -824. What are the prime factors of y?
31, 53
Suppose 3*k - 1958 - 16797 - 13660 = 0. What are the prime factors of k?
5, 2161
Let y(v) = -25*v + 51. Let f(s) = -27*s + 51. Let o(p) = -3*f(p) + 4*y(p). List the prime factors of o(-8).
7, 29
Let t(f) = f**3 + 9*f**2 + 1. Let y be t(-9). Let c be 22/y*(5/2)/1. Suppose 7*l - 22 - c = 0. List the prime factors of l.
11
Let a be ((-7)/(-2))/((-37)/(-74)). Suppose a*d - 2 = -2. Suppose -5*t + d*m = -m - 192, 4*t - 2*m - 156 = 0. What are the prime factors of t?
2, 19
List the prime factors of (-6241 - (1 - -1))/(19 + 1876/(-98)).
3, 7, 2081
Suppose 2*k - 3*k + 61 = -n, 2*k - 4*n = 124. Suppose 58*d = k*d + 344. Let f = -85 - d. What are the prime factors of f?
3, 29
Let y(p) = 2*p + 16. Let m(l) = 3*l + 32. Let c(w) = 3*m(w) - 5*y(w). Let h be c(16). Suppose h = -9*d + 1756 - 154. What are the prime factors of d?
2, 89
Suppose -70321 = -4*s + 17*p, 3*s + 3*p - 4*p = 52682. What are the prime factors of s?
3, 1951
Suppose 0 = -2*h + 9 + 1. Let k = h + 126. Suppose -k = -2*q + 5*l, 5*l = 2*q + 2*q - 237. List the prime factors of q.
53
Let m be (-4*1 - (24 - 4)) + 3. Let v be (-2)/2*(4 + m + 1). Suppose 12*t - v*t + 448 = 0. What are the prime factors of t?
2, 7
List the prime factors of (-9 - -107)*1494/36.
7, 83
Suppose g + 5 = 20. Suppose 0 = -5*c - g, 17 = k - 5*c. Suppose -5*s = k*s - 483. What are the prime factors of s?
3, 23
Let b = -2939 - -6035. List the prime factors of b.
2, 3, 43
Suppose 2*n + 4*v - 28 = 0, n - 4 + 2 = v. List the prime factors of (-3)/(n/(-2156)) + -7.
3, 7, 17
Let w be 102798/198 - (-6)/(-33). Suppose -469 = -i + 6*v, i + 0*v = -4*v + w. List the prime factors of i.
499
Let d(n) = -2*n**3 - 31*n**2 + 15*n - 11. Let y be d(-16). Suppose -6*o + 3*o = y*r - 3020, r = -3*o + 592. What are the prime factors of r?
607
Let w(n) = -2*n + 41. Let c be w(17). Let f(m) = 33*m + 37. List the prime factors of f(c).
2, 67
Suppose 0 = 6*f - 20 - 34. Suppose 300 = f*x - 4*x. What are the prime factors of x?
2, 3, 5
Suppose 126 = 4*p - s - 510, 336 = 2*p + 4*s. Let k = -354 - -243. Let b = k + p. What are the prime factors of b?
7
Let m(x) = 2*x**3 + 3*x**2 - 104*x + 860. What are the prime factors of m(33)?
7, 1481
Let s(t) = -874*t - 387. What are the prime factors of s(-3)?
3, 5, 149
Suppose -29 = t + 3*j, 3*t - 4*j + 29 + 6 = 0. List the prime factors of -1906*((-17)/(-2))/t.
953
Let q(y) = -120*y**3 + 28*y**2 + 3*y + 9. List the prime factors of q(-4).
5, 13
Let o = 17215 + -3652. List the prime factors of o.
3, 11, 137
Suppose 88*i = o + 87*i - 23563, 2*o + 3*i = 47131. List the prime factors of o.
2, 43, 137
What are the prime factors of 1 + (3 + 29598)/11?
2, 673
Suppose 0 = -31*j + 349393 + 40773. Suppose -7091 - j = -21*b. What are the prime factors of b?
937
Suppose -3*j + 3*w + 51 = 0, 121 - 44 = 4*j - w. Let d = 126 - j. What are the prime factors of d?
2, 53
Let u(m) = -5*m + m + 7*m - 6*m - 12 + m. List the prime factors of u(-23).
2, 17
Suppose -13*h = -311 - 144. What are the prime factors of (7 - (-14007)/h)/(6/15)?
2, 509
Suppose -186*c = 275*c - 25013399. What are the prime factors of c?
29, 1871
Let t = -9671 - -19311. List the prime factors of t.
2, 5, 241
Let g be 34/6 + (-1)/(-3). Suppose g*f + 6 = 4*k + f, 2*f = k - 3. What are the prime factors of ((-2)/(-6))/(k/(-222))?
2, 37
Let o = 26539 + -14284. List the prime factors of o.
3, 5, 19, 43
What are the prime factors of (-68)/6*1717119/(-387)?
2, 3, 17, 29
Let v(d) = 92*d**2 - 2*d + 12513. What are the prime factors of v(0)?
3, 43, 97
Suppose 0 = t - 0*t - 87. Suppose -83*g = -t*g + 1764. What are the prime factors of g?
3, 7
Let s = -13960 + 31144. List the prime factors of s.
2, 3, 179
What are the prime factors of 10/(-6) - 36157420/(-780)?
2, 7, 11, 43
Let l be ((-126)/147)/(2/28). Suppose -3*a = -a - 294. Let t = l + a. List the prime factors of t.
3, 5
Let j = 61 - 55. Suppose 0 = -j*a + 3*a + 9. What are the prime factors of (-372)/(-3) + (7 - a)?
2
Let j be -7 + 3 - 1*(1505 + -3). Let q = -1038 - j. List the prime factors of q.
2, 3, 13
Suppose 0 = q - 0*r + 4*r - 481, 5*q - 2493 = 2*r. Suppose q - 4556 = -9*u. What are the prime factors of u?
11, 41
Let k = 34895 - 7540. List the prime factors of k.
5, 5471
Let f = -2 + 3. Let n(c) = 176*c - 11. Let m(o) = -199*o + 13. Let v(u) = 2*m(u) + 3*n(u). What are the prime factors of v(f)?
3, 41
Let q = 55 - 83. Let l = q + 69. What are the prime factors of l?
41
Let c = -8570 + 29609. What are the prime factors of c?
3, 7013
Let h be (108/90)/(3/10). Suppose 3*k - 4*k = -h*o + 1585, -5*o + 5*k + 1985 = 0. List the prime factors of o.
2, 3, 11
Let i be (-2)/((-20)/6) - 522/(-30). Suppose 743 = 2*u + 5*y, -1508 = -4*u - 2*y + i. List the prime factors of u.
2, 3
Suppose 103*u = 104*u - 6890. List the prime factors of u.
2, 5, 13, 53
Let v(p) = p**3 - 12*p**2 + 12*p - 9. Let z be v(11). Suppose 2*y - 2*i + 97 = 29, -y = 3*i + 18. What are the prime factors of (z - (-12)/9)*(-936)/y?
2, 13
Suppose 16*r - 260 = -10*r. List the prime factors of 3212/r - 30/25.
2, 5
Let d = 31066 + -19187. What are the prime factors of d?
7, 1697
Suppose -2*a = -3*j + 12 + 15, -j - 5*a - 8 = 0. Let f(z) = 1 - 4*z**2 - j*z**3 + 8*z**3 + 2*z + 4. List the prime factors of f(6).
89
List the prime factors of -2 - 1 - (-6396 + -1).
2, 23, 139
Let y(d) = -217*d**2 - 12*d - 1. Let t(a) = -652*a**2 - 35*a - 2. Let l(r) = -6*t(r) + 17*y(r). Let u be 1/(-2)*(11 + 22 + -35). List the prime factors of l(u).
2, 7
Let f(m) = 5713*m**2 + 47*m - 97. What are the prime factors of f(2)?
73, 313
Let c = 43646 + -31050. What are the prime factors of c?
2, 47, 67
Let c = 23737 - 15362. List the prime factors of c.
5, 67
Suppose 3*g = -0*g + 6. Let n be g + 7/14*(-116 + 0). Let d = 58 + n. List the prime factors of d.
2
Suppose 3*o + 5*z + 98030 = 6*o, 4*o + 2*z = 130672. What are the prime factors of o?
2, 3, 5, 11
Let c = -40 + 38. Let x be (10/3)/(c/3). What are the prime factors of 24/40 + (-407)/x?
2, 41
Let i be (6 - (6 + -2))*(-321)/(-6). Suppose 4*t + i - 1799 = 0. List the prime factors of t.
3, 47
Let t = -52 + 45. Let u(r) = r + 11. Let c be u(t). What are the prime factors of (22/c)/(1/6)?
3, 11
Suppose -115*y - 543245 = 98*y - 14473232. What are the prime factors of y?
17, 3847
Suppose -13756 = -46*f + 27*f. What are the prime factors of f?
2, 181
Suppose 4*v = -s + 22380, -3*s + 40326 = 4*v - 26814. What are the prime factors of s?
2, 3, 5, 373
Let j = 200 - -504. Suppose 3*i - 93 = a - 337, 3*a + 5*i = j. List the prime factors of a.
2, 7, 17
Suppose -14 = -4*c - 2*y, 0*c - 16 = -5*c - 2*y. Let k(b) = 26*b**c + b**3 + 11*b - 8*b**2 - 35 - 1. List the prime factors of k(-17).
2, 3, 11
Suppose -30736 + 89379 + 88685 = 8*b. What are the prime factors of b?
2, 1151
Suppose 9*u + 210 = 273. Suppose 3*f + u*f - 9880 = 0. What are the prime factors of f?
2, 13, 19
Suppose 145*m + 4 = 147*m. List the prime factors of 110085/82 + m/(-4).
2, 11, 61
Suppose 3*g = 8*g - 40. Suppose g*b - 27 = 1797. Suppose -9*m = -12*m + b. What are the prime factors of m?
2, 19
Suppose -f = -5*y - 10353, 90*f - 3*y = 85*f + 51831. List the prime factors of f.
2, 3
Suppose -5*h + 27669 = 60*p - 59*p, 35 = -5*h. What are the prime factors of p?
2, 3463
Suppose -4*i - 443 = -i + w, -4*i - 588 = 2*w. Let j = i - -239. What are the prime factors of j?
2, 3, 5
Suppose -214 = 5*o + 836. Let l = -780 + 710. Let n = l - o. List the prime factors of n.
2, 5, 7
Suppose -3*h = -n + 279, -2*h + 69 - 241 = 4*n. Let a = h + 206. Let u = a + -31. List the prime factors of u.
83
Let y be 135/18 - 7 - (-62)/(-4). Let g(w) = -w**3 - 13*w**2 + 4*w + 42. What are the prime factors of g(y)?
2, 3
Let b = -22 + 26. Suppose -42*g + 41*g + b = 0. Suppose 3*j - 260 = 4*i, -3*j - g*i = -319 + 99. List the prime factors of j.
2, 5
Suppose 2*u + 26 = 2*f, -3*u - 6*f = -3*f + 33. Let 